{"id":12,"date":"2013-07-21T19:36:27","date_gmt":"2013-07-21T19:36:27","guid":{"rendered":"http:\/\/tarvix-corporation.de\/?page_id=12"},"modified":"2016-04-15T15:52:12","modified_gmt":"2016-04-15T15:52:12","slug":"partnergilden","status":"publish","type":"page","link":"https:\/\/www.tarvix-corporation.de\/?page_id=12","title":{"rendered":"Strongholds"},"content":{"rendered":"\n<div class=\"twitter-share\"><a href=\"https:\/\/twitter.com\/intent\/tweet?via=Zaseesh\" class=\"twitter-share-button\" data-size=\"large\">Twittern<\/a><\/div>\n<ul>\n<ul>\n<li>Herstellung des Dunklen MK-1 Projektes Seite 1<\/li>\n<li>Imperium Seite 1<\/li>\n<li>Republik Seite 2<\/li>\n<\/ul>\n<\/ul>\n<h1>Herstellung des Dunklen-MK1-Projekts<\/h1>\n<p>Grunds\u00e4tzlich k\u00f6nnen alle Handwerksberufe dieses Item herstellen &#8211; mit einer Skillvoraussetzung von 400 richtet es sich aber an ausgeskillte Handwerker:<\/p>\n<p>Dunkles MK1-Projekt<br \/>\nSkill 400, 7. Grad Exotische Materialien, Herstellungszeit 52:00 Minuten<\/p>\n<ul>\n<li>6 Fremdartige Datenw\u00fcrfel (Exotisches Handwerksmaterial 7. Grades)<\/li>\n<li>6 Biometrie-Kristall-Legierung (Exotisches Handwerksmaterial 7. Grades)<\/li>\n<li>1 Kriegsvorr\u00e4te: Invasionsstreitmacht<\/li>\n<li>3 Rakata-Energieknoten (Exotisches Handwerksmaterial 7. Grades)<\/li>\n<li>3 Selbsterhaltende Energiezelle (Exotisches Handwerksmaterial 7. Grades)<\/li>\n<\/ul>\n<p>Da die Exotischen Handwerksmaterialien nicht durch Sammelberufe, sondern durch eifrige OP-\/FP-Besuche zusammengesucht werden m\u00fcssen, sind sie entsprechend selten und im GHM nicht gerade billig &#8211; wer also kosteng\u00fcnstige Sachen entdecken sollte, ist gut beraten, schnell zuzuschlagen.<\/p>\n<p>Wer selbst farmen gehen m\u00f6chte, hier eine kleine Liste, wo man die entsprechenden Materialien finden kann:<\/p>\n<ul>\n<li><span style=\"color: #800080;\">Fremdartige Datenw\u00fcrfel<\/span>: Ewige Kammer (SM\/HM), Karaggas Palast (SM\/HM), Schrotth\u00e4ndler Mnek, Flotten-\/PvP-Markenh\u00e4ndler in der Materialkiste<\/li>\n<li><span style=\"color: #800080;\">Biometrie-Kristall-Legierung<\/span>: Lvl 50 Flashpoints HM (ausser Kaon), Ewige Kammer SM, Karaggas Palast SM, Schrotth\u00e4ndler Mnek, Flotten-\/PvP-Markenh\u00e4ndler in der Materialkiste<\/li>\n<li><span style=\"color: #800080;\">Rakata-Energieknoten<\/span>: jeweils beim letzten Boss Ewige Kammer HM\/Nightmare, Karaggas Palast HM\/Nightmare, Schrotth\u00e4ndler Izzar, Flotten-\/PvP-Markenh\u00e4ndler in der Materialkiste<\/li>\n<li><span style=\"color: #800080;\">Selbsterhaltende Energiezelle<\/span>: Ewige Kammer SM, Karaggas Palast, SM, FP Kaon wird belagert HM (Endboss), Schrotth\u00e4ndler Izzar, Flotten-\/PvP-Markenh\u00e4ndler in der Materialkiste<\/li>\n<\/ul>\n<h1>Imperium<\/h1>\n<p>Es beginnt auf der Raumflotte, hier findet Ihr die neuen H\u00e4ndler und eine Mission zur Einf\u00fchrung von Galactic Strongholds. Die Einf\u00fchrungsmission beginnt an folgenden Koordinaten:<\/p>\n<ul>\n<li>x: 4802 y: 4802<\/li>\n<\/ul>\n<p><a href=\"https:\/\/i0.wp.com\/tarvix-corporation.de\/wp-content\/uploads\/2014\/08\/Stronghold-H%C3%A4ndler-Imperium.jpg\"><img data-recalc-dims=\"1\" loading=\"lazy\" decoding=\"async\" data-attachment-id=\"702\" data-permalink=\"https:\/\/www.tarvix-corporation.de\/?attachment_id=702\" data-orig-file=\"https:\/\/i0.wp.com\/www.tarvix-corporation.de\/wp-content\/uploads\/2014\/08\/Stronghold-H%C3%A4ndler-Imperium.jpg?fit=859%2C899&amp;ssl=1\" data-orig-size=\"859,899\" data-comments-opened=\"1\" data-image-meta=\"{&quot;aperture&quot;:&quot;0&quot;,&quot;credit&quot;:&quot;&quot;,&quot;camera&quot;:&quot;&quot;,&quot;caption&quot;:&quot;&quot;,&quot;created_timestamp&quot;:&quot;0&quot;,&quot;copyright&quot;:&quot;&quot;,&quot;focal_length&quot;:&quot;0&quot;,&quot;iso&quot;:&quot;0&quot;,&quot;shutter_speed&quot;:&quot;0&quot;,&quot;title&quot;:&quot;&quot;}\" data-image-title=\"Stronghold H\u00e4ndler  Imperium\" data-image-description=\"\" data-image-caption=\"\" data-medium-file=\"https:\/\/i0.wp.com\/www.tarvix-corporation.de\/wp-content\/uploads\/2014\/08\/Stronghold-H%C3%A4ndler-Imperium.jpg?fit=286%2C300&amp;ssl=1\" data-large-file=\"https:\/\/i0.wp.com\/www.tarvix-corporation.de\/wp-content\/uploads\/2014\/08\/Stronghold-H%C3%A4ndler-Imperium.jpg?fit=474%2C496&amp;ssl=1\" class=\"aligncenter size-full wp-image-702\" src=\"https:\/\/i0.wp.com\/tarvix-corporation.de\/wp-content\/uploads\/2014\/08\/Stronghold-H%C3%A4ndler-Imperium.jpg?resize=474%2C496\" alt=\"Stronghold H\u00e4ndler Imperium\" width=\"474\" height=\"496\" srcset=\"https:\/\/i0.wp.com\/www.tarvix-corporation.de\/wp-content\/uploads\/2014\/08\/Stronghold-H%C3%A4ndler-Imperium.jpg?w=859&amp;ssl=1 859w, https:\/\/i0.wp.com\/www.tarvix-corporation.de\/wp-content\/uploads\/2014\/08\/Stronghold-H%C3%A4ndler-Imperium.jpg?resize=286%2C300&amp;ssl=1 286w\" sizes=\"auto, (max-width: 474px) 100vw, 474px\" \/><\/a><\/p>\n<h1><\/h1>\n<h1>Materialien in FP&#8217;s<\/h1>\n<h2><\/h2>\n<h2>Cademimu HM<\/h2>\n<p>Bonusboss : Treibstoffrakete<\/p>\n<p><a href=\"https:\/\/i0.wp.com\/tarvix-corporation.de\/wp-content\/uploads\/2014\/08\/Cademino-Bonusboss.jpg\"><img data-recalc-dims=\"1\" loading=\"lazy\" decoding=\"async\" data-attachment-id=\"701\" data-permalink=\"https:\/\/www.tarvix-corporation.de\/?attachment_id=701\" data-orig-file=\"https:\/\/i0.wp.com\/www.tarvix-corporation.de\/wp-content\/uploads\/2014\/08\/Cademino-Bonusboss.jpg?fit=201%2C88&amp;ssl=1\" data-orig-size=\"201,88\" data-comments-opened=\"1\" data-image-meta=\"{&quot;aperture&quot;:&quot;0&quot;,&quot;credit&quot;:&quot;&quot;,&quot;camera&quot;:&quot;&quot;,&quot;caption&quot;:&quot;&quot;,&quot;created_timestamp&quot;:&quot;0&quot;,&quot;copyright&quot;:&quot;&quot;,&quot;focal_length&quot;:&quot;0&quot;,&quot;iso&quot;:&quot;0&quot;,&quot;shutter_speed&quot;:&quot;0&quot;,&quot;title&quot;:&quot;&quot;}\" data-image-title=\"Cademino Bonusboss\" data-image-description=\"\" data-image-caption=\"\" data-medium-file=\"https:\/\/i0.wp.com\/www.tarvix-corporation.de\/wp-content\/uploads\/2014\/08\/Cademino-Bonusboss.jpg?fit=201%2C88&amp;ssl=1\" data-large-file=\"https:\/\/i0.wp.com\/www.tarvix-corporation.de\/wp-content\/uploads\/2014\/08\/Cademino-Bonusboss.jpg?fit=201%2C88&amp;ssl=1\" class=\"aligncenter size-full wp-image-701\" src=\"https:\/\/i0.wp.com\/tarvix-corporation.de\/wp-content\/uploads\/2014\/08\/Cademino-Bonusboss.jpg?resize=201%2C88\" alt=\"Cademino Bonusboss\" width=\"201\" height=\"88\" \/><\/a><\/p>\n<h2>Mandalorianische R\u00e4uber<\/h2>\n<p>Bonusboss : Medizinischer Raumschiff-Tank<\/p>\n<p><a href=\"https:\/\/i0.wp.com\/tarvix-corporation.de\/wp-content\/uploads\/2014\/08\/Mandelorianischer-R%C3%A4uber-Bonusboss.jpg\"><img data-recalc-dims=\"1\" loading=\"lazy\" decoding=\"async\" data-attachment-id=\"706\" data-permalink=\"https:\/\/www.tarvix-corporation.de\/?attachment_id=706\" data-orig-file=\"https:\/\/i0.wp.com\/www.tarvix-corporation.de\/wp-content\/uploads\/2014\/08\/Mandelorianischer-R%C3%A4uber-Bonusboss.jpg?fit=206%2C89&amp;ssl=1\" data-orig-size=\"206,89\" data-comments-opened=\"1\" data-image-meta=\"{&quot;aperture&quot;:&quot;0&quot;,&quot;credit&quot;:&quot;&quot;,&quot;camera&quot;:&quot;&quot;,&quot;caption&quot;:&quot;&quot;,&quot;created_timestamp&quot;:&quot;0&quot;,&quot;copyright&quot;:&quot;&quot;,&quot;focal_length&quot;:&quot;0&quot;,&quot;iso&quot;:&quot;0&quot;,&quot;shutter_speed&quot;:&quot;0&quot;,&quot;title&quot;:&quot;&quot;}\" data-image-title=\"Mandelorianischer R\u00e4uber Bonusboss\" data-image-description=\"\" data-image-caption=\"\" data-medium-file=\"https:\/\/i0.wp.com\/www.tarvix-corporation.de\/wp-content\/uploads\/2014\/08\/Mandelorianischer-R%C3%A4uber-Bonusboss.jpg?fit=206%2C89&amp;ssl=1\" data-large-file=\"https:\/\/i0.wp.com\/www.tarvix-corporation.de\/wp-content\/uploads\/2014\/08\/Mandelorianischer-R%C3%A4uber-Bonusboss.jpg?fit=206%2C89&amp;ssl=1\" class=\"aligncenter size-full wp-image-706\" src=\"https:\/\/i0.wp.com\/tarvix-corporation.de\/wp-content\/uploads\/2014\/08\/Mandelorianischer-R%C3%A4uber-Bonusboss.jpg?resize=206%2C89\" alt=\"Mandelorianischer R\u00e4uber Bonusboss\" width=\"206\" height=\"89\" \/><\/a><\/p>\n<h2>Athiss<\/h2>\n<p>Bonusboss : Alte Begr\u00e4bnisurne<\/p>\n<p><a href=\"https:\/\/i0.wp.com\/tarvix-corporation.de\/wp-content\/uploads\/2014\/08\/Athiss-Bonusboss.jpg\"><img data-recalc-dims=\"1\" loading=\"lazy\" decoding=\"async\" data-attachment-id=\"708\" data-permalink=\"https:\/\/www.tarvix-corporation.de\/?attachment_id=708\" data-orig-file=\"https:\/\/i0.wp.com\/www.tarvix-corporation.de\/wp-content\/uploads\/2014\/08\/Athiss-Bonusboss.jpg?fit=203%2C88&amp;ssl=1\" data-orig-size=\"203,88\" data-comments-opened=\"1\" data-image-meta=\"{&quot;aperture&quot;:&quot;0&quot;,&quot;credit&quot;:&quot;&quot;,&quot;camera&quot;:&quot;&quot;,&quot;caption&quot;:&quot;&quot;,&quot;created_timestamp&quot;:&quot;0&quot;,&quot;copyright&quot;:&quot;&quot;,&quot;focal_length&quot;:&quot;0&quot;,&quot;iso&quot;:&quot;0&quot;,&quot;shutter_speed&quot;:&quot;0&quot;,&quot;title&quot;:&quot;&quot;}\" data-image-title=\"Athiss Bonusboss\" data-image-description=\"\" data-image-caption=\"\" data-medium-file=\"https:\/\/i0.wp.com\/www.tarvix-corporation.de\/wp-content\/uploads\/2014\/08\/Athiss-Bonusboss.jpg?fit=203%2C88&amp;ssl=1\" data-large-file=\"https:\/\/i0.wp.com\/www.tarvix-corporation.de\/wp-content\/uploads\/2014\/08\/Athiss-Bonusboss.jpg?fit=203%2C88&amp;ssl=1\" class=\"aligncenter wp-image-708 size-full\" src=\"https:\/\/i0.wp.com\/tarvix-corporation.de\/wp-content\/uploads\/2014\/08\/Athiss-Bonusboss.jpg?resize=203%2C88\" alt=\"Athiss Bonusboss\" width=\"203\" height=\"88\" \/><\/a><\/p>\n<h2>Hammer-Station<\/h2>\n<p>Bonusboss : Asteroidengestein-Lore<\/p>\n<p><a href=\"https:\/\/i0.wp.com\/tarvix-corporation.de\/wp-content\/uploads\/2014\/09\/Hammer-Station-Bonusboss.jpg\"><img data-recalc-dims=\"1\" loading=\"lazy\" decoding=\"async\" data-attachment-id=\"728\" data-permalink=\"https:\/\/www.tarvix-corporation.de\/?attachment_id=728\" data-orig-file=\"https:\/\/i0.wp.com\/www.tarvix-corporation.de\/wp-content\/uploads\/2014\/09\/Hammer-Station-Bonusboss.jpg?fit=245%2C102&amp;ssl=1\" data-orig-size=\"245,102\" data-comments-opened=\"1\" data-image-meta=\"{&quot;aperture&quot;:&quot;0&quot;,&quot;credit&quot;:&quot;&quot;,&quot;camera&quot;:&quot;&quot;,&quot;caption&quot;:&quot;&quot;,&quot;created_timestamp&quot;:&quot;0&quot;,&quot;copyright&quot;:&quot;&quot;,&quot;focal_length&quot;:&quot;0&quot;,&quot;iso&quot;:&quot;0&quot;,&quot;shutter_speed&quot;:&quot;0&quot;,&quot;title&quot;:&quot;&quot;}\" data-image-title=\"Hammer-Station Bonusboss\" data-image-description=\"\" data-image-caption=\"\" data-medium-file=\"https:\/\/i0.wp.com\/www.tarvix-corporation.de\/wp-content\/uploads\/2014\/09\/Hammer-Station-Bonusboss.jpg?fit=245%2C102&amp;ssl=1\" data-large-file=\"https:\/\/i0.wp.com\/www.tarvix-corporation.de\/wp-content\/uploads\/2014\/09\/Hammer-Station-Bonusboss.jpg?fit=245%2C102&amp;ssl=1\" class=\"aligncenter wp-image-728\" src=\"https:\/\/i0.wp.com\/tarvix-corporation.de\/wp-content\/uploads\/2014\/09\/Hammer-Station-Bonusboss.jpg?resize=203%2C85\" alt=\"Hammer-Station Bonusboss\" width=\"203\" height=\"85\" \/><\/a><\/p>\n","protected":false},"excerpt":{"rendered":"<p>Herstellung des Dunklen MK-1 Projektes Seite 1 Imperium Seite 1 Republik Seite 2 Herstellung des Dunklen-MK1-Projekts Grunds\u00e4tzlich k\u00f6nnen alle Handwerksberufe dieses Item herstellen &#8211; mit einer Skillvoraussetzung von 400 richtet es sich aber an ausgeskillte Handwerker: Dunkles MK1-Projekt Skill 400, 7. Grad Exotische Materialien, Herstellungszeit 52:00 Minuten 6 Fremdartige Datenw\u00fcrfel (Exotisches Handwerksmaterial 7. Grades) 6 &hellip; <a href=\"https:\/\/www.tarvix-corporation.de\/?page_id=12\" class=\"more-link\"><span class=\"screen-reader-text\">Strongholds<\/span> weiterlesen <span class=\"meta-nav\">&rarr;<\/span><\/a><\/p>\n","protected":false},"author":1,"featured_media":0,"parent":1718,"menu_order":0,"comment_status":"closed","ping_status":"closed","template":"","meta":{"jetpack_post_was_ever_published":false,"footnotes":""},"class_list":["post-12","page","type-page","status-publish","hentry"],"jetpack_sharing_enabled":true,"jetpack_shortlink":"https:\/\/wp.me\/P5i8fx-c","jetpack-related-posts":[],"_links":{"self":[{"href":"https:\/\/www.tarvix-corporation.de\/index.php?rest_route=\/wp\/v2\/pages\/12","targetHints":{"allow":["GET"]}}],"collection":[{"href":"https:\/\/www.tarvix-corporation.de\/index.php?rest_route=\/wp\/v2\/pages"}],"about":[{"href":"https:\/\/www.tarvix-corporation.de\/index.php?rest_route=\/wp\/v2\/types\/page"}],"author":[{"embeddable":true,"href":"https:\/\/www.tarvix-corporation.de\/index.php?rest_route=\/wp\/v2\/users\/1"}],"replies":[{"embeddable":true,"href":"https:\/\/www.tarvix-corporation.de\/index.php?rest_route=%2Fwp%2Fv2%2Fcomments&post=12"}],"version-history":[{"count":15,"href":"https:\/\/www.tarvix-corporation.de\/index.php?rest_route=\/wp\/v2\/pages\/12\/revisions"}],"predecessor-version":[{"id":2408,"href":"https:\/\/www.tarvix-corporation.de\/index.php?rest_route=\/wp\/v2\/pages\/12\/revisions\/2408"}],"up":[{"embeddable":true,"href":"https:\/\/www.tarvix-corporation.de\/index.php?rest_route=\/wp\/v2\/pages\/1718"}],"wp:attachment":[{"href":"https:\/\/www.tarvix-corporation.de\/index.php?rest_route=%2Fwp%2Fv2%2Fmedia&parent=12"}],"curies":[{"name":"wp","href":"https:\/\/api.w.org\/{rel}","templated":true}]}}