{"id":1722,"date":"2015-06-25T07:51:15","date_gmt":"2015-06-25T07:51:15","guid":{"rendered":"http:\/\/tarvix-corporation.de\/?page_id=1722"},"modified":"2017-03-29T08:50:55","modified_gmt":"2017-03-29T08:50:55","slug":"kunstfertigkeit","status":"publish","type":"page","link":"https:\/\/www.tarvix-corporation.de\/?page_id=1722","title":{"rendered":"Kunstfertigkeit"},"content":{"rendered":"\n<div class=\"twitter-share\"><a href=\"https:\/\/twitter.com\/intent\/tweet?via=Zaseesh\" class=\"twitter-share-button\" data-size=\"large\">Twittern<\/a><\/div>\n<p><span style=\"font-size: x-large;\"><a href=\"https:\/\/i0.wp.com\/tarvix-corporation.de\/wp-content\/uploads\/2016\/01\/Kunstfertigkeit.jpg\" rel=\"attachment wp-att-2269\"><img data-recalc-dims=\"1\" loading=\"lazy\" decoding=\"async\" data-attachment-id=\"2269\" data-permalink=\"https:\/\/www.tarvix-corporation.de\/?attachment_id=2269\" data-orig-file=\"https:\/\/i0.wp.com\/www.tarvix-corporation.de\/wp-content\/uploads\/2016\/01\/Kunstfertigkeit.jpg?fit=55%2C57&amp;ssl=1\" data-orig-size=\"55,57\" data-comments-opened=\"1\" data-image-meta=\"{&quot;aperture&quot;:&quot;0&quot;,&quot;credit&quot;:&quot;&quot;,&quot;camera&quot;:&quot;&quot;,&quot;caption&quot;:&quot;&quot;,&quot;created_timestamp&quot;:&quot;0&quot;,&quot;copyright&quot;:&quot;&quot;,&quot;focal_length&quot;:&quot;0&quot;,&quot;iso&quot;:&quot;0&quot;,&quot;shutter_speed&quot;:&quot;0&quot;,&quot;title&quot;:&quot;&quot;,&quot;orientation&quot;:&quot;0&quot;}\" data-image-title=\"Kunstfertigkeit\" data-image-description=\"\" data-image-caption=\"\" data-medium-file=\"https:\/\/i0.wp.com\/www.tarvix-corporation.de\/wp-content\/uploads\/2016\/01\/Kunstfertigkeit.jpg?fit=55%2C57&amp;ssl=1\" data-large-file=\"https:\/\/i0.wp.com\/www.tarvix-corporation.de\/wp-content\/uploads\/2016\/01\/Kunstfertigkeit.jpg?fit=55%2C57&amp;ssl=1\" class=\"size-full wp-image-2269 alignleft\" src=\"https:\/\/i0.wp.com\/tarvix-corporation.de\/wp-content\/uploads\/2016\/01\/Kunstfertigkeit.jpg?resize=55%2C57\" alt=\"Kunstfertigkeit\" width=\"55\" height=\"57\" \/><\/a>Fayhiava\u00a0(Imperium)<\/span><\/p>\n<p>Diese Gegenst\u00e4nde k\u00f6nnen gegen Material hergestellt werden, welches Material ben\u00f6tigt wird einfach bei der Gildenleitung oder den oben genannten Charakteren erfragen .<\/p>\n<h2><strong>Hefte\u00a0Level\u00a070<br \/>\n<\/strong><\/h2>\n<p>Vielseitiges Heft 48<\/p>\n<ul>\n<li>+ 210 Beherrschung<\/li>\n<li>+\u00a0180 Ausdauer<\/li>\n<\/ul>\n<p>Resistives\u00a0Heft 48<\/p>\n<ul>\n<li>+\u00a0190 Beherrschung<\/li>\n<li>+ 200 Ausdauer<\/li>\n<\/ul>\n<h2><strong>Relikte Level 65<\/strong><\/h2>\n<p>Fokus Vergeltung 230<\/p>\n<ul>\n<li>+\u00a0218 Ausdauer<\/li>\n<li>+\u00a084 Angriffskraft<\/li>\n<\/ul>\n<p>Gl\u00fccksschance 228<\/p>\n<ul>\n<li>+\u00a0213 Beherrschung<\/li>\n<li>+\u00a082 Verteidigung<\/li>\n<\/ul>\n<p>Schildverst\u00e4rkung 230<\/p>\n<ul>\n<li>+\u00a0218 Beherrschung<\/li>\n<li>+\u00a084 Verteidigung<\/li>\n<\/ul>\n<p>Gef\u00e4hrdete Gelassenheit\u00a0230<\/p>\n<ul>\n<li>+\u00a0218 Beherrschung<\/li>\n<li>+\u00a084 Verteidigung<\/li>\n<\/ul>\n<p>Grenzenlose Zeitalter\u00a0230<\/p>\n<ul>\n<li>+\u00a0218 Ausdauer<\/li>\n<li>+\u00a084 Angriffskraft<\/li>\n<\/ul>\n<p>Verg\u00e4ngliche Genesung\u00a0212<\/p>\n<ul>\n<li>+\u00a0213 Ausdauer<\/li>\n<li>+\u00a082 Angriffskraft<\/li>\n<\/ul>\n<p>Vernichtende Rache\u00a0228<\/p>\n<ul>\n<li>+\u00a0213 Ausdauer<\/li>\n<li>+\u00a082 Angriffskraft<\/li>\n<\/ul>\n<p>Reaktivschutzes\u00a0230<\/p>\n<ul>\n<li>+\u00a0218 Beherrschung<\/li>\n<li>+\u00a084 Verteidigung<\/li>\n<\/ul>\n<p>Urzeitliche Schicksalbesiegler\u00a0228<\/p>\n<ul>\n<li>+\u00a0213 Ausdauer<\/li>\n<li>+\u00a082 Angriffskraft<\/li>\n<\/ul>\n<p>Verschleierten L\u00e4uterers\u00a0228<\/p>\n<ul>\n<li>+\u00a0213 Beherrschung<\/li>\n<li>+\u00a082 Verteidigung<\/li>\n<\/ul>\n<p>Vorteilhaften Sturms\u00a0230<\/p>\n<ul>\n<li>+\u00a0218 Ausdauer<\/li>\n<li>+\u00a084 Angriffskraft<\/li>\n<\/ul>\n<h2>Baupl\u00e4ne<\/h2>\n<p>Level 70<\/p>\n<p>Gegenstandswert 230<\/p>\n<ul>\n<li>MK-4-Bastionslichtschwertlanze des ewigen Kommandanten<\/li>\n<li>MK-4-Adepten-Lichtschwertlanze des ewigen Kommandanten<\/li>\n<li>MK-4-Adepten-Fokus des ewigen Kommandanten<\/li>\n<li>MK-4-Initiativ-Fokus des ewigen Kommandanten<\/li>\n<li>MK-4-Initiativ-Lichtschwertlanze des ewigen Kommandanten<\/li>\n<li>MK-4-Bollwerk-Techschild des ewigen Kommandanten<\/li>\n<li>MK-4-Ultrabegabten-Fokus des ewigen Kommandanten<\/li>\n<li>MK-4-Ultrabegabten-Generator des ewigen Kommandanten<\/li>\n<li>MK-4-Kommandanten-Relikt der gef\u00e4hrdeten Gelassenheit<\/li>\n<li>MK-4-Kommandanten-Relikt der grenzenlosen Zeitalter<\/li>\n<li>MK-4-Kommandanten-Relikt der\u00a0Fokus-Vergeltung<\/li>\n<li>MK-4-Kommandanten-Relikt der Schildverst\u00e4rkung<\/li>\n<li>MK-4-Kommandanten-Relikt des Reaktivschutzes<\/li>\n<li>MK-4-Kommandanten-Relikt des vorteilhaften Sturms<\/li>\n<\/ul>\n<p>&nbsp;<\/p>\n","protected":false},"excerpt":{"rendered":"<p>Fayhiava\u00a0(Imperium) Diese Gegenst\u00e4nde k\u00f6nnen gegen Material hergestellt werden, welches Material ben\u00f6tigt wird einfach bei der Gildenleitung oder den oben genannten Charakteren erfragen . Hefte\u00a0Level\u00a070 Vielseitiges Heft 48 + 210 Beherrschung +\u00a0180 Ausdauer Resistives\u00a0Heft 48 +\u00a0190 Beherrschung + 200 Ausdauer Relikte Level 65 Fokus Vergeltung 230 +\u00a0218 Ausdauer +\u00a084 Angriffskraft Gl\u00fccksschance 228 +\u00a0213 Beherrschung +\u00a082 Verteidigung &hellip; <a href=\"https:\/\/www.tarvix-corporation.de\/?page_id=1722\" class=\"more-link\"><span class=\"screen-reader-text\">Kunstfertigkeit<\/span> weiterlesen <span class=\"meta-nav\">&rarr;<\/span><\/a><\/p>\n","protected":false},"author":3,"featured_media":0,"parent":8,"menu_order":0,"comment_status":"closed","ping_status":"closed","template":"","meta":{"jetpack_post_was_ever_published":false,"footnotes":""},"class_list":["post-1722","page","type-page","status-publish","hentry"],"jetpack_sharing_enabled":true,"jetpack_shortlink":"https:\/\/wp.me\/P5i8fx-rM","jetpack-related-posts":[],"_links":{"self":[{"href":"https:\/\/www.tarvix-corporation.de\/index.php?rest_route=\/wp\/v2\/pages\/1722","targetHints":{"allow":["GET"]}}],"collection":[{"href":"https:\/\/www.tarvix-corporation.de\/index.php?rest_route=\/wp\/v2\/pages"}],"about":[{"href":"https:\/\/www.tarvix-corporation.de\/index.php?rest_route=\/wp\/v2\/types\/page"}],"author":[{"embeddable":true,"href":"https:\/\/www.tarvix-corporation.de\/index.php?rest_route=\/wp\/v2\/users\/3"}],"replies":[{"embeddable":true,"href":"https:\/\/www.tarvix-corporation.de\/index.php?rest_route=%2Fwp%2Fv2%2Fcomments&post=1722"}],"version-history":[{"count":17,"href":"https:\/\/www.tarvix-corporation.de\/index.php?rest_route=\/wp\/v2\/pages\/1722\/revisions"}],"predecessor-version":[{"id":2791,"href":"https:\/\/www.tarvix-corporation.de\/index.php?rest_route=\/wp\/v2\/pages\/1722\/revisions\/2791"}],"up":[{"embeddable":true,"href":"https:\/\/www.tarvix-corporation.de\/index.php?rest_route=\/wp\/v2\/pages\/8"}],"wp:attachment":[{"href":"https:\/\/www.tarvix-corporation.de\/index.php?rest_route=%2Fwp%2Fv2%2Fmedia&parent=1722"}],"curies":[{"name":"wp","href":"https:\/\/api.w.org\/{rel}","templated":true}]}}