{"id":2116,"date":"2015-11-02T08:18:57","date_gmt":"2015-11-02T08:18:57","guid":{"rendered":"http:\/\/tarvix-corporation.de\/?page_id=2116"},"modified":"2015-11-02T08:52:06","modified_gmt":"2015-11-02T08:52:06","slug":"juggernaut-sith-krieger","status":"publish","type":"page","link":"https:\/\/www.tarvix-corporation.de\/?page_id=2116","title":{"rendered":"Juggernaut (Sith Krieger)"},"content":{"rendered":"\n<div class=\"twitter-share\"><a href=\"https:\/\/twitter.com\/intent\/tweet?via=Zaseesh\" class=\"twitter-share-button\" data-size=\"large\">Twittern<\/a><\/div>\n<p><strong>Unsterblichkeit<\/strong><br \/>\nVerteidigungswert ( bis 1200) &gt;= Schildwert = Absorptionswert &gt; Ausdauer &gt; St\u00e4rke &gt; Angriffskraft<\/p>\n<p>In der Soresu-Form besitzt ihr automatisch 10% zus\u00e4tzliche Pr\u00e4zision. Deswegen m\u00fcsst ihr diesen Wert nicht extra sammeln.<\/p>\n<p><strong>Vergeltung<\/strong><br \/>\nPr\u00e4zision (110%) &gt;= St\u00e4rke &gt; Wogenwert (70%) &gt; Kritischer Trefferwert (25%) &gt; Angriffskraft<\/p>\n<p><strong>Wut<\/strong><br \/>\nPr\u00e4zision (110%) &gt;= St\u00e4rke &gt; Wogenwert (70%) &gt; Angriffskraft &gt; Kritischer Trefferwert (25%)<\/p>\n<h3 id=\"diszi1\">Unsterblichkeit<\/h3>\n<p>Der Unsterblichkeits-Juggernaut erh\u00e4lt die Kerntalente <strong>Aegis-Sturm<\/strong>, <strong>Erdr\u00fcckender Schlag<\/strong>, <strong>R\u00fcckhand<\/strong> und <strong>Unbesiegbar<\/strong>. Viele Angriffe des Unsterblichkeits-Juggernauts geben Buffs, die euren erhaltenen Schaden oder den verursachten Schaden der Gegner reduzieren. Au\u00dferdem hat der der Unsterblichkeits-Juggernaut Zugriff auf diverse Cooldowns, mit denen er seine Gegner verspotten und seine Verteidigung erh\u00f6hen kann.<\/p>\n<p>Folgenden Funktionen sind f\u00fcr einen Unsterblichkeits-Juggernaut gut geeignet:<\/p>\n<p><strong>Fachkundig:<\/strong><\/p>\n<ul>\n<li><strong>Kriegshetzer<\/strong> \u2013 Verringert die Abklingzeit von <strong>Machtvorsto\u00df<\/strong>, wenn ihr angegriffen werdet. Durch die verringerte Abklingzeit seid ihr sehr viel mobiler im Kampf und k\u00f6nnt Gruppenmitgliedern, die zu viel Bedrohung haben, schnell zur Hilfe kommen.<\/li>\n<li><strong>Wegbahner<\/strong> \u2013 Erh\u00f6ht den Schaden von <strong>Durchschlagender Hieb<\/strong>. Diese F\u00e4higkeit ist wichtig, wenn ihr Bedrohung bei Gegnergruppen aufbauen wollt.<\/li>\n<li><strong>T\u00f6dlicher Gegenschlag<\/strong> \u2013 Beim Erhalten von regelm\u00e4\u00dfigem Bereichsschaden generiert ihr Wut.<\/li>\n<\/ul>\n<p><strong>Meisterlich: <\/strong><\/p>\n<ul>\n<li><strong>Schallmauer<\/strong> \u2013 Euer <strong>Bedrohlicher Schrei<\/strong> sch\u00fctzt zus\u00e4tzlich eure Verb\u00fcndeten.<\/li>\n<li><strong>Entmutigender Schrei<\/strong> \u2013 Durch <strong>Eiskalter Schrei<\/strong> wird das Bewegungstempo eurer Verb\u00fcndeten erh\u00f6ht. Dies wird vor allem Nahkampf-Damage Dealern helfen, wenn diese sich vom Boss wegbewegen m\u00fcssen.<\/li>\n<li><strong>Vernichtende Faust<\/strong> \u2013 Euer <strong>Zerschlagen<\/strong> verlangsamt eure Gegner, was euch helfen wird, wenn Gegner gekitet werden m\u00fcssen.<\/li>\n<li><strong>Konzentrierter Hass<\/strong> \u2013 Eure n\u00e4chste F\u00e4higkeit erh\u00e4lt einen Schadensbonus, wenn ihr festgehalten werdet.<\/li>\n<\/ul>\n<p><strong>Heldenhaft:<\/strong><\/p>\n<ul>\n<li><strong>Einsch\u00fcchternde Pr\u00e4senz<\/strong> \u2013 Euer <strong>Schwertschutz<\/strong> wird verst\u00e4rkt. Dies ist ein wichtiger defensiver CD, den ihr oft einsetzen werdet. Au\u00dferdem k\u00f6nnt ihr die Abklingzeit von <strong>St\u00f6rung<\/strong> zur\u00fccksetzen.<\/li>\n<li><strong>Durch Leidenschaft<\/strong> \u2013 Der CD von <strong>W\u00fctende Verteidigung<\/strong> wird verringert.<\/li>\n<li><strong>Durch Macht<\/strong> \u2013 Der Einsatz von <strong>Schmerz ertragen<\/strong> macht euch gegen bewegungseinschr\u00e4nkende Effekte immun und erh\u00f6ht euer Bewegungstempo.<\/li>\n<li><strong>F\u00fcrsprecher<\/strong> \u2013 Die Abklingzeit von <strong>Intervention<\/strong> wird verringert und gleichzeitig werden Schaden und Bedrohung des Ziels reduziert. So k\u00f6nnt ihr Gruppenmitgliedern, die von Gegnern angegriffen wurden, helfen.<\/li>\n<\/ul>\n<h3 id=\"diszi2\">Vergeltung<\/h3>\n<p>Der Vergeltungs-Juggernaut verwendet viele DoTs und kann viel Gruppenschaden verursachen. Durch eure defensiven Cooldowns seid ihr au\u00dferdem deutlich robuster als viele andere DDs, was eure Heiler entlastet. Als Vergeltungs-Juggernaut nutzt ihr die folgenden Kerntalente: <strong>Zertr\u00fcmmern<\/strong>, <strong>Pf\u00e4hlen<\/strong>, <strong>Shien-Form<\/strong> und <strong>Rachs\u00fcchtiges Schmettern<\/strong>.<\/p>\n<p>Folgenden Funktionen sind f\u00fcr einen Vergeltungs-Juggernaut gut geeignet:<\/p>\n<p><strong>Fachkundig:<\/strong><\/p>\n<ul>\n<li><strong>Wegbahner<\/strong> \u2013 Erh\u00f6ht den Schaden von <strong>Durchschlagender Hieb <\/strong>und steigert so euren Gruppenschaden.<\/li>\n<li><strong>T\u00f6dlicher Gegenschlag <\/strong> \u2013 Beim Erhalten von regelm\u00e4\u00dfigem Bereichsschaden generiert ihr Wut. Als Nahk\u00e4mpfer werdet ihr \u00f6fter in solchen Effekten stehen, so k\u00f6nnt ihr die zus\u00e4tzliche Wut gut nutzen.<\/li>\n<li><strong>Kriegshetzer<\/strong> \u2013 Verringert die Abklingzeit von <strong>Machtvorsto\u00df<\/strong>, wenn ihr angegriffen werdet. Durch die verringerte Abklingzeit seid ihr sehr viel mobiler im Kampf und k\u00f6nnt Gruppenmitgliedern, zur Hilfe kommen oder schneller Adds erreichen, die get\u00f6tet werden m\u00fcssen.<\/li>\n<li><strong>Abrechnung<\/strong> \u2013 Der CD von <strong>Entfesseln<\/strong> wird verringert. Au\u00dferdem werdet ihr geheilt, wenn ihr Entfesseln einsetzt<\/li>\n<li><strong>Unersch\u00fctterlich<\/strong> \u2013 Ihr generiert Wut, wenn ihr durch einen Effekt unsch\u00e4dlich gemacht werdet.<\/li>\n<\/ul>\n<p><strong>Meisterlich:<\/strong><\/p>\n<ul>\n<li><strong>Vernichtende Faust <\/strong> \u2013 Durch <strong>Zerschlagen<\/strong> und <strong>Rachs\u00fcchtiges Schmettern<\/strong> wird ein Debuff auf den Gegner gesetzt, der seine R\u00fcstung reduziert. Vor allem beim Verursachen von Fl\u00e4chenschaden erh\u00f6ht sich dadurch der Schaden der gesamten Gruppe.<\/li>\n<li><strong>Schallmauer<\/strong> \u2013 Mit <strong>Bedrohlicher Schrei<\/strong> k\u00f6nnt ihr alle Spieler in Reichweite besch\u00fctzen, die dadurch weniger Schaden erhalten.<\/li>\n<li><strong>Konzentrierter Hass <\/strong> \u2013 Eure n\u00e4chste F\u00e4higkeit erh\u00e4lt einen Schadensbonus, wenn ihr festgehalten werdet.<\/li>\n<li><strong>Schinder<\/strong> \u2013 Der Einsatz bestimmter F\u00e4higkeiten reduziert den CD und die Kosten f\u00fcr <strong>Eiskalter Schrei<\/strong>. Dies kann sehr hilfreich sein, bei Encountern in denen Gegner verlangsamt werden m\u00fcssen oder in Verbindung mit <strong>Entmutigender Schrei<\/strong>, wenn in einem Kampf viel Bewegung n\u00f6tig ist.<\/li>\n<li><strong>Entmutigender Schrei<\/strong> \u2013 Durch Eiskalter Schrei wird das Bewegungstempo eurer Verb\u00fcndeten erh\u00f6ht. Dies wird vor allem anderen Nahkampf-Damage Dealern helfen, wenn diese sich vom Boss wegbewegen m\u00fcssen.<\/li>\n<\/ul>\n<p><strong>Heldenhaft:<\/strong><\/p>\n<ul>\n<li><strong>Einsch\u00fcchternde Pr\u00e4senz<\/strong> \u2013 Der CD von <strong>Schwertschutz<\/strong> wird verringert und der Einsatz von Machtvorsto\u00df kann den Dooldown von St\u00f6rung zur\u00fcckzusetzen<\/li>\n<li><strong>Durch Leidenschaft<\/strong> \u2013 Der CD von <strong>W\u00fctende Verteidigung<\/strong> wird verringert<\/li>\n<li><strong>Durch Macht<\/strong> \u2013 Der Einsatz von <strong>Schmerz ertragen<\/strong> macht euch gegen bewegungseinschr\u00e4nkende Effekte immun und erh\u00f6ht euer Bewegungstempo<\/li>\n<\/ul>\n<h3 id=\"diszi3\">Wut<\/h3>\n<p><strong>W\u00fctender Ausbruch<\/strong>, <strong>Ausl\u00f6schen<\/strong>, <strong>Machtschmettern<\/strong> und <strong>Rasender Angriff<\/strong> sind die Kerntalente der Wut-Disziplin, der zweiten Schadensspezialisierung des Juggernauts.<\/p>\n<p>Der Wut-Juggernaut konzentriert sich darauf, Kinetik- und Waffenschaden zuzuf\u00fcgen. Mit einer verst\u00e4rkten <strong>Intervention<\/strong> und <strong>Ausl\u00f6schen<\/strong> seid ihr au\u00dferdem sehr mobil.<\/p>\n<p>Folgenden Funktionen sind f\u00fcr einen Vergeltungs-Juggernaut gut geeignet:<\/p>\n<p><strong>Fachkundig:<\/strong><\/p>\n<ul>\n<li><strong>Wegbahner<\/strong> \u2013 Erh\u00f6ht den Schaden von <strong>Durchschlagender Hieb<\/strong> und steigert so euren Fl\u00e4chenschaden.<\/li>\n<li><strong>T\u00f6dlicher Gegenschlag<\/strong> \u2013 Beim Erhalten von regelm\u00e4\u00dfigem Bereichsschaden generiert ihr Wut.<\/li>\n<li><strong>Kriegshetzer<\/strong> \u2013 Verringert die Abklingzeit von <strong>Machtvorsto\u00df<\/strong>, wenn ihr angegriffen werdet. Durch die verringerte Abklingzeit seid ihr sehr viel mobiler im Kampf und k\u00f6nnt Gruppenmitgliedern, die zu viel Bedrohung haben, schnell zur Hilfe kommen.<\/li>\n<li><strong>Abrechnung <\/strong> \u2013 Der CD von <strong>Entfesseln<\/strong> wird verringert. Au\u00dferdem werdet ihr geheilt, wenn ihr <strong>Entfesseln<\/strong> einsetzt<\/li>\n<li><strong>Unersch\u00fctterlich<\/strong> \u2013 Ihr generiert Wut, wenn ihr durch einen Effekt unsch\u00e4dlich gemacht werdet.<\/li>\n<\/ul>\n<p><strong>Meisterlich:<\/strong><\/p>\n<ul>\n<li><strong>Vernichtende Faust <\/strong> \u2013 Durch <strong>Zerschlagen<\/strong> und <strong>Rachs\u00fcchtiges Schmettern<\/strong> wird ein Debuff auf den Gegner gesetzt, der seine R\u00fcstung reduziert. Vor allem beim Verursachen von Fl\u00e4chenschaden erh\u00f6ht sich dadurch der Schaden der gesamten Gruppe.<\/li>\n<li><strong>Schallmauer<\/strong> \u2013 Mit <strong>Bedrohlicher Schrei<\/strong> k\u00f6nnt ihr alle Spieler in Reichweite besch\u00fctzen, die dadurch weniger Schaden erhalten.<\/li>\n<li><strong>Konzentrierter Hass <\/strong> \u2013 Eure n\u00e4chste F\u00e4higkeit erh\u00e4lt einen Schadensbonus, wenn ihr festgehalten werdet.<\/li>\n<li><strong>Schinder<\/strong> \u2013 Der Einsatz bestimmter F\u00e4higkeiten reduziert den CD und die Kosten f\u00fcr <strong>Eiskalter Schrei<\/strong>. Dies kann sehr hilfreich sein, bei Encountern in denen Gegner verlangsamt werden m\u00fcssen oder in Verbindung mit <strong>Entmutigender Schrei<\/strong>, wenn in einem Kampf viel Bewegung n\u00f6tig ist.<\/li>\n<li><strong>Entmutigender Schrei<\/strong> \u2013 Durch <strong>Eiskalter Schrei<\/strong> wird das Bewegungstempo eurer Verb\u00fcndeten erh\u00f6ht. Dies wird vor allem anderen Nahkampf-Damage Dealern helfen, wenn diese sich vom Boss wegbewegen m\u00fcssen.<\/li>\n<\/ul>\n<p><strong>Heldenhaft:<\/strong><\/p>\n<ul>\n<li><strong>Einsch\u00fcchternde Pr\u00e4senz<\/strong> \u2013 Der CD von <strong>Schwertschutz<\/strong> wird verringert und der Einsatz von <strong>Machtvorsto\u00df<\/strong> kann den Cooldown von <strong>St\u00f6rung<\/strong> zur\u00fcckzusetzen<\/li>\n<li><strong>Durch Leidenschaft<\/strong> \u2013 Der CD von <strong>W\u00fctende Verteidigung<\/strong> wird verringert<\/li>\n<li><strong>Durch Macht <\/strong> \u2013 Der Einsatz von <strong>Schmerz<\/strong> macht euch gegen bewegungseinschr\u00e4nkende Effekte immun und erh\u00f6ht euer Bewegungstempo<\/li>\n<\/ul>\n<h2 id=\"Spielweise\">Spielweise<\/h2>\n<p>Ihr setzt eure F\u00e4higkeiten am besten in einer bestimmten Reihenfolge ein. Im Folgenden findet ihr einige Priorit\u00e4tslisten f\u00fcr einzelne Gegner und Gegnergruppen. Setzt F\u00e4higkeiten mit einer hohen Priorit\u00e4t zuerst ein. Wenn sie auf Abklingzeit sind, nehmt ihre eine andere F\u00e4higkeit mit einer niedrigen Priorit\u00e4t. Au\u00dferdem gibt es verschiedene Synergien zwischen euren F\u00e4higkeiten, die ihr beachten solltet.<\/p>\n<h3 id=\"spiel1\">Unsterblichkeit<\/h3>\n<p>Als Unsterblichkeit-Juggernaut k\u00e4mpft ihr in der <strong>Soresu-Form<\/strong><br \/>\n<u>Single Target Opener:<\/u><\/p>\n<ol>\n<li><strong>Machtvorsto\u00df<\/strong> und\/oder <strong>Lichtschwertwurf<\/strong><\/li>\n<li><strong>Wutanfall<\/strong><\/li>\n<li><strong>Erdr\u00fcckender Schlag<\/strong><\/li>\n<\/ol>\n<p><u>Single Target Priorit\u00e4tsliste:<\/u><\/p>\n<ol>\n<li><strong>Vergeltung<\/strong> \u2013 auf CD<\/li>\n<li><strong>Erdr\u00fcckender Schlag<\/strong> \u2013 Debuff Beeintr\u00e4chtigen aufrecht halten und Vergeltung ausl\u00f6sen<\/li>\n<li><strong>R\u00fcckhand<\/strong><\/li>\n<li><strong>Schwertschutz<\/strong><\/li>\n<li><strong>Verw\u00fcstung<\/strong><\/li>\n<li><strong>Machtschrei<\/strong><\/li>\n<li><strong>Zerschlagen<\/strong><\/li>\n<li><strong>Aegis-Sturm<\/strong> \u2013 generiert Wut<\/li>\n<li><strong>Machtw\u00fcrgen<\/strong> \u2013 F\u00fcller<\/li>\n<li><strong>Ansturm<\/strong> \u2013 F\u00fcller, generiert Wut<\/li>\n<\/ol>\n<p><u>Mehrere Ziele (AOE) \u2013 Opener:<\/u><\/p>\n<ol>\n<li><strong>Machtvorsto\u00df<\/strong><\/li>\n<li><strong>Zerschlagen<\/strong><\/li>\n<li><strong>Aegis-Sturm<\/strong> \u2013 gibt Buff Aegis-Sturm<\/li>\n<li><strong>Erdr\u00fcckender Schlag<\/strong> \u2013 trifft Buff Aegis-Sturm 8 Ziele<\/li>\n<li><strong>Bedrohlicher Schrei<\/strong><\/li>\n<\/ol>\n<p><u>Mehrere Ziele (AoE) Priorit\u00e4tsliste:<\/u><\/p>\n<ol>\n<li><strong>Erdr\u00fcckender Schlag<\/strong> \u2013 mit Aegis-Sturm Buff<\/li>\n<li><strong>Aegis-Sturm<\/strong> \u2013 F\u00fcr Buff und Wutgeneration<\/li>\n<li><strong>Zerschlagen<\/strong><\/li>\n<li><strong>Bedrohlicher Schrei<\/strong><\/li>\n<li><strong>Schwertschutz<\/strong><\/li>\n<li><strong>Durchschlagender Hieb<\/strong><\/li>\n<\/ol>\n<p><strong>Weitere Tipps:<\/strong><\/p>\n<ul>\n<li><strong>Bewachen<\/strong> setzt ihr entweder auf euren Heiler oder auf einen Damagedealer, der sehr viel Bedrohung generiert.<\/li>\n<li><strong>Verspotten<\/strong> verwendet ihr, wenn ihr die Bedrohung von einem einzelnen Gegner verloren habt.<\/li>\n<li>Verwendet <strong>St\u00f6rung<\/strong>, wenn ihr die F\u00e4higkeit eines Gegners unterbrechen wollt. Manchmal k\u00f6nnt ihr daf\u00fcr auch <strong>Machtw\u00fcrgen<\/strong> und <strong>R\u00fcckhand<\/strong> einsetzen.<\/li>\n<li>Mit <strong>Intervention<\/strong> k\u00f6nnt ihr schnell zu einem Gruppenmitglied zu gelangen, das angegriffen wird.<\/li>\n<\/ul>\n<p><strong>Burst Cooldowns<\/strong><\/p>\n<p>Mit Burst Cooldowns k\u00f6nnt ihr euren Schaden kurzfristig erh\u00f6hen.<\/p>\n<ul>\n<li><strong>Wutanfall<\/strong> \u2013 Damit k\u00f6nnt ihr zus\u00e4tzliche Wut generieren.<\/li>\n<\/ul>\n<p><strong>\u00dcberlebensf\u00e4higkeiten<\/strong><br \/>\nMit \u00dcberlebensf\u00e4higkeiten (Cooldowns) k\u00f6nnt ihr eure Verteidigung erh\u00f6hen oder euch selbst heilen.<\/p>\n<ul>\n<li><strong>Schmerz ertragen<\/strong> \u2013 Setzt diese F\u00e4higkeit bei niedriger Gesundheit in Notf\u00e4llen ein.<\/li>\n<li><strong>Entfesseln<\/strong> \u2013 Setzt diese F\u00e4higkeit ein, um euch von CC-Effekten zu befreien.<\/li>\n<li><strong>Schwertschutz<\/strong> \u2013 Nehme diese F\u00e4higkeit standardm\u00e4\u00dfig in eure Rotation auf. Vor allem zusammen mit <strong>Einsch\u00fcchternde Pr\u00e4senz<\/strong> generiert sie viel Bedrohung.<\/li>\n<li><strong>Unbesiegbar<\/strong> \u2013 Setzt diese F\u00e4higkeit in Notf\u00e4llen ein, wenn eure Gruppe wenig Leben oder ihr die Bedrohung verloren habt.<\/li>\n<li><strong>W\u00fctende Verteidigung<\/strong> \u2013 Wenn ihr die n\u00e4chsten 10mal Schaden erleidet, werdet ihr automatisch geheilt. Helft mit dieser F\u00e4higkeit euren Heilern euch hochzuheilen.<\/li>\n<\/ul>\n<h3 id=\"spiel2\">Vergeltung<\/h3>\n<p>Ab Level 41 die <strong>Shien-Form<\/strong> benutze, vorher Shii-Cho-Form<br \/>\n<u>Single Target Opener:<\/u><\/p>\n<ol>\n<li><strong>Lichtschwertwurf<\/strong> \u2013 wenn der Tank am Ziel ist<\/li>\n<li><strong>Machtvorsto\u00df<\/strong><\/li>\n<li><strong>Wutanfall<\/strong> oder <strong>Ansturm<\/strong> \u2013 gibt Wut<\/li>\n<li><strong>Pf\u00e4hlen<\/strong> \u2013 belegt Feinde mit <strong>dem<\/strong> Debuff <strong>Niedergeschmettert<\/strong><\/li>\n<\/ol>\n<p><u>Single Target Priorit\u00e4tenliste:<\/u><\/p>\n<ol>\n<li><strong>Pf\u00e4hlen<\/strong> \u2013 zur Erneuerung von Niedergeschmettert<\/li>\n<li><strong>Verw\u00fcstung<\/strong> \u2013 auf CD, auf W\u00fcten achten<\/li>\n<li><strong>B\u00f6sartiger Wurf<\/strong> \u2013 mit Zerst\u00f6rer<\/li>\n<li><strong>Machtschrei<\/strong> \u2013 mit Wildheit<\/li>\n<li><strong>Zertr\u00fcmmern<\/strong><\/li>\n<li><strong>Lichtschwertwurf<\/strong> oder <strong>Ansturm<\/strong>, zur Regeneration von Wut und als F\u00fcller<\/li>\n<\/ol>\n<p><u>Mehrere Ziele (AOE):<\/u><br \/>\nHier folgt ihr am besten folgende Priorit\u00e4tliste:<\/p>\n<ol>\n<li><strong>Wutanfall<\/strong> \u2013 generiert Wut<\/li>\n<li><strong>Pf\u00e4hlen<\/strong> \u2013 auf ein Ziel<\/li>\n<li><strong>Zertr\u00fcmmern<\/strong> \u2013 auf ein Ziel<\/li>\n<li><strong>Machtschrei<\/strong> \u2013 auf ein Ziel<\/li>\n<li><strong>Rachs\u00fcchtiges Schmettern<\/strong> \u2013 Verteilt Blutungseffekte auf alle Ziele<\/li>\n<li><strong>Durchschlagender Hieb<\/strong> \u2013 F\u00fcller<\/li>\n<li><strong>Ansturm <\/strong>\u2013 Generiert Wut<\/li>\n<\/ol>\n<p><strong>Burst Cooldowns<\/strong><br \/>\nMit Burst Cooldowns k\u00f6nnt ihr euren Schaden kurzfristig erh\u00f6hen.<\/p>\n<ul>\n<li><strong>Wutanfall<\/strong> \u2013 Damit k\u00f6nnt ihr zus\u00e4tzliche Wut generieren.<\/li>\n<\/ul>\n<p><strong>\u00dcberlebensf\u00e4higkeiten<\/strong><br \/>\nMit \u00dcberlebensf\u00e4higkeiten (Cooldowns) k\u00f6nnt ihr eure Verteidigung erh\u00f6hen oder euch selbst heilen.<\/p>\n<ul>\n<li><strong>Schmerz ertragen<\/strong> \u2013 Setzt diese F\u00e4higkeit bei niedriger Gesundheit in Notf\u00e4llen ein.<\/li>\n<li><strong>Entfesseln<\/strong> \u2013 Setzt diese F\u00e4higkeit ein, um euch von CC-Effekten zu befreien.<\/li>\n<li><strong>Schwertschutz<\/strong> \u2013 Nehme diese F\u00e4higkeit standardm\u00e4\u00dfig in eure Rotation auf. Vor allem zusammen mit <strong>Einsch\u00fcchternde Pr\u00e4senz<\/strong> generiert sie viel Bedrohung.<\/li>\n<li><strong>W\u00fctende Verteidigung<\/strong> \u2013 Wenn ihr die n\u00e4chsten 10mal Schaden erleidet, werdet ihr automatisch geheilt. Helft mit dieser F\u00e4higkeit euren Heilern euch hochzuheilen.<\/li>\n<\/ul>\n<h3 id=\"spiel3\">Wut<\/h3>\n<p>Immer die <strong>Shii-Cho-Form<\/strong> benutzen!<br \/>\n<u>Single Target Opener:<\/u><\/p>\n<ol>\n<li><strong>Lichtschwertwurf<\/strong><\/li>\n<li><strong>Machtvorsto\u00df<\/strong><\/li>\n<li><strong>Wutanfall<\/strong> \u2013 Gew\u00e4hrt Schockwelle<\/li>\n<\/ol>\n<p><u>Single Target Priorit\u00e4tliste:<\/u><\/p>\n<ol>\n<li><strong>Rasender Angriff<\/strong> \u2013 f\u00fcr <strong>Niedergeschmettert<\/strong> Debuff<\/li>\n<li><strong>Vergeltung<\/strong> \u2013 Immer nach Rasender Angriff, wenn genug Wut vorhanden, sonst auslassen<\/li>\n<li><strong>Machtschmettern<\/strong> \u2013 gibt Schockwelle<\/li>\n<li><strong>Ausl\u00f6schen<\/strong> \u2013 Gew\u00e4hrt Kahlschlag und Impuls<\/li>\n<li><strong>W\u00fctender Ausbruch<\/strong> \u2013 mit Kahlschlag und Schockwelle<\/li>\n<li><strong>Machtschrei<\/strong> \u2013 mit Impuls<\/li>\n<li><strong>Verw\u00fcstung<\/strong><\/li>\n<li><strong>B\u00f6sartiger Wurf<\/strong><\/li>\n<li><strong>Ansturm<\/strong> oder <strong>Lichtschwertwurf<\/strong>\u2013 um Wut zu regenerieren<\/li>\n<\/ol>\n<p><u>Mehrere Ziele (AOE):<\/u><br \/>\nHier folgt ihr am besten folgender Rotation:<\/p>\n<ol>\n<li><strong>Wutanfall<\/strong> \u2013 Generiert Wut und Schockwelle<\/li>\n<li><strong>Machtschmettern<\/strong> \u2013 gibt <strong>Schockwelle<\/strong>, auslassen wenn ihr bereits<strong> Schockwelle<\/strong> habt<\/li>\n<li><strong>Ausl\u00f6schen<\/strong> \u2013 Gibt Kahlschlag<\/li>\n<li><strong>Zerschlagen<\/strong><\/li>\n<li><strong>Durchschlagender Hieb<\/strong><\/li>\n<li><strong>Ansturm<\/strong> oder <strong>Lichtschwertwurf<\/strong>\u2013 generiert Wut<\/li>\n<\/ol>\n<p><strong>Burst Cooldowns<\/strong><br \/>\nMit Burst Cooldowns k\u00f6nnt ihr euren Schaden kurzfristig erh\u00f6hen.<\/p>\n<ul>\n<li><strong>Wutanfall<\/strong> \u2013 Damit k\u00f6nnt ihr zus\u00e4tzliche Wut generieren.<\/li>\n<\/ul>\n<p><strong>\u00dcberlebensf\u00e4higkeiten<\/strong><br \/>\nMit \u00dcberlebensf\u00e4higkeiten (Cooldowns) k\u00f6nnt ihr eure Verteidigung erh\u00f6hen oder euch selbst heilen.<\/p>\n<ul>\n<li><strong>Schmerz ertragen<\/strong> \u2013 Setzt diese F\u00e4higkeit bei niedriger Gesundheit in Notf\u00e4llen ein.<\/li>\n<li><strong>Entfesseln<\/strong> \u2013 Setzt diese F\u00e4higkeit ein, um euch von CC-Effekten zu befreien.<\/li>\n<li><strong>Schwertschutz<\/strong> \u2013 Nehme diese F\u00e4higkeit standardm\u00e4\u00dfig in eure Rotation auf. Vor allem zusammen mit <strong>Einsch\u00fcchternde Pr\u00e4senz<\/strong> generiert sie viel Bedrohung.<\/li>\n<li><strong>W\u00fctende Verteidigung<\/strong> \u2013 Wenn ihr die n\u00e4chsten 10mal Schaden erleidet, werdet ihr automatisch geheilt. Helft mit dieser F\u00e4higkeit euren Heilern euch hochzuheilen.<\/li>\n<\/ul>\n<p>Ein gro\u00dfes Lob an das Team von Gamona f\u00fcr diesen Guide.<\/p>\n","protected":false},"excerpt":{"rendered":"<p>Unsterblichkeit Verteidigungswert ( bis 1200) &gt;= Schildwert = Absorptionswert &gt; Ausdauer &gt; St\u00e4rke &gt; Angriffskraft In der Soresu-Form besitzt ihr automatisch 10% zus\u00e4tzliche Pr\u00e4zision. Deswegen m\u00fcsst ihr diesen Wert nicht extra sammeln. Vergeltung Pr\u00e4zision (110%) &gt;= St\u00e4rke &gt; Wogenwert (70%) &gt; Kritischer Trefferwert (25%) &gt; Angriffskraft Wut Pr\u00e4zision (110%) &gt;= St\u00e4rke &gt; Wogenwert (70%) &gt; &hellip; <a href=\"https:\/\/www.tarvix-corporation.de\/?page_id=2116\" class=\"more-link\"><span class=\"screen-reader-text\">Juggernaut (Sith Krieger)<\/span> weiterlesen <span class=\"meta-nav\">&rarr;<\/span><\/a><\/p>\n","protected":false},"author":3,"featured_media":0,"parent":2134,"menu_order":0,"comment_status":"closed","ping_status":"closed","template":"","meta":{"jetpack_post_was_ever_published":false,"footnotes":""},"class_list":["post-2116","page","type-page","status-publish","hentry"],"jetpack_sharing_enabled":true,"jetpack_shortlink":"https:\/\/wp.me\/P5i8fx-y8","jetpack-related-posts":[],"_links":{"self":[{"href":"https:\/\/www.tarvix-corporation.de\/index.php?rest_route=\/wp\/v2\/pages\/2116","targetHints":{"allow":["GET"]}}],"collection":[{"href":"https:\/\/www.tarvix-corporation.de\/index.php?rest_route=\/wp\/v2\/pages"}],"about":[{"href":"https:\/\/www.tarvix-corporation.de\/index.php?rest_route=\/wp\/v2\/types\/page"}],"author":[{"embeddable":true,"href":"https:\/\/www.tarvix-corporation.de\/index.php?rest_route=\/wp\/v2\/users\/3"}],"replies":[{"embeddable":true,"href":"https:\/\/www.tarvix-corporation.de\/index.php?rest_route=%2Fwp%2Fv2%2Fcomments&post=2116"}],"version-history":[{"count":1,"href":"https:\/\/www.tarvix-corporation.de\/index.php?rest_route=\/wp\/v2\/pages\/2116\/revisions"}],"predecessor-version":[{"id":2117,"href":"https:\/\/www.tarvix-corporation.de\/index.php?rest_route=\/wp\/v2\/pages\/2116\/revisions\/2117"}],"up":[{"embeddable":true,"href":"https:\/\/www.tarvix-corporation.de\/index.php?rest_route=\/wp\/v2\/pages\/2134"}],"wp:attachment":[{"href":"https:\/\/www.tarvix-corporation.de\/index.php?rest_route=%2Fwp%2Fv2%2Fmedia&parent=2116"}],"curies":[{"name":"wp","href":"https:\/\/api.w.org\/{rel}","templated":true}]}}