{"id":374,"date":"2013-10-28T13:46:46","date_gmt":"2013-10-28T13:46:46","guid":{"rendered":"http:\/\/tarvix-corporation.de\/?page_id=374"},"modified":"2016-04-15T15:48:32","modified_gmt":"2016-04-15T15:48:32","slug":"story-missionen","status":"publish","type":"page","link":"https:\/\/www.tarvix-corporation.de\/?page_id=374","title":{"rendered":"Story-Missionen"},"content":{"rendered":"\n<div class=\"twitter-share\"><a href=\"https:\/\/twitter.com\/intent\/tweet?via=Zaseesh\" class=\"twitter-share-button\" data-size=\"large\">Twittern<\/a><\/div>\n<p>Das SWTOR Universum ist mittlerweile sehr gro\u00df geworden und den Anfang von weiterf\u00fchrenden Story-Missionen zu finden wird mit der Zeit immer schwerer. Darum haben wir hier f\u00fcr Euch einiges gesammelt.<\/p>\n<p>Auf der zweiten Seite dieses Artikels findet Ihr die Planeten-Bonusreihen<\/p>\n<p><strong>Inhaltsangabe:<\/strong><\/p>\n<ul>\n<li><a href=\"#Story\">Story-Missionen Seite 1<\/a><\/li>\n<li><a href=\"http:\/\/tarvix-corporation.de\/?page_id=374&amp;page=2#Bonus\">Bonusreihen Seite 2<\/a><\/li>\n<\/ul>\n<h1><a id=\"Story\"><\/a>Story-Missionen<\/h1>\n<hr \/>\n<p>&nbsp;<\/p>\n<h1>CZ-198 (Imperium)<span style=\"text-decoration: underline;\"><br \/>\n<\/span><\/h1>\n<h2>Auf CZ-198, Droide C-E29<\/h2>\n<h2><em>Story-Mission ab Level 55<\/em><\/h2>\n<ul>\n<li>Koordinaten x: 84 y: 42<\/li>\n<\/ul>\n<hr \/>\n<p>&nbsp;<\/p>\n<h1>Geschmiedete B\u00fcndnisse: Teil I (Imperium)<\/h1>\n<h2>Flotte Vaiken Raumdock Hauptdeck, Droide A7-M1<\/h2>\n<h2><em>Story-Mission ab Level 55<\/em><\/h2>\n<ul>\n<li>Koordinaten x: 4600 y: 4693<\/li>\n<\/ul>\n<h1>Geschmiedete B\u00fcndnisse: Teil II (Imperium)<\/h1>\n<h2>Flotte Vaiken Raumdock Hauptdeck, Droide A7-M1<\/h2>\n<h2><em>Story-Mission ab Level 55<\/em><\/h2>\n<ul>\n<li>Koordinaten x: 4600 y: 4693<\/li>\n<\/ul>\n<h1>Geschmiedete B\u00fcndnisse: Teil III (Imperium)<\/h1>\n<h2>Flotte Vaiken Raumdock Hauptdeck, Droide A7-M1<\/h2>\n<h2><em>Story-Mission ab Level 55<\/em><\/h2>\n<ul>\n<li>Koordinaten x: 4600 y: 4693<\/li>\n<\/ul>\n<h1>Geschmiedete B\u00fcndnisse: Teil I (Republik)<\/h1>\n<h2>Flotte Carrick Station Hauptdeck, Droide T3-G2<\/h2>\n<h2><em>Story-Mission ab Level 55<\/em><\/h2>\n<ul>\n<li>Koordinaten x: -4597 y: -4709<\/li>\n<\/ul>\n<h1>Geschmiedete B\u00fcndnisse: Teil II (Republik)<\/h1>\n<h2>Flotte Carrick Station Hauptdeck, Droide T3-G2<\/h2>\n<h2><em>Story-Mission ab Level 55<\/em><\/h2>\n<ul>\n<li>Koordinaten x: -4597 y: -4709<\/li>\n<\/ul>\n<h1>Geschmiedete B\u00fcndnisse: Teil III (Republik)<\/h1>\n<h2>Flotte Carrick Station Hauptdeck, Droide T3-G2<\/h2>\n<h2><em>Story-Mission ab Level 55<\/em><\/h2>\n<ul>\n<li>Koordinaten x: -4597 y: -4709<\/li>\n<\/ul>\n<hr \/>\n<p>&nbsp;<\/p>\n<h1>Hoth (Imperium \/ Republik)<\/h1>\n<h2><em>Tauntaun Mission\u00a0ab Level 10<\/em><\/h2>\n<p>Es gibt zwei M\u00f6glichkeiten. Die eine: Ihr kauft die Z\u00e4hmungsdaten beim Tauntaunh\u00e4ndler. Die andere: Wollt ihr euch euer Tauntaun lieber richtig erspielen, dann lasst die Z\u00e4hmungsdaten links liegen und besorgt euch beim hiesigen Tauntaun-Z\u00e4hmer die Tauntaun-K\u00f6der, die ihr f\u00fcr jeweils 500 Credits erwerben k\u00f6nnt.<\/p>\n<p>Eure Aufgabe ist es nun, euch mit den K\u00f6dern zu den Tauntaun-Nestern zu begeben, die im Westteil von Hoth zu finden sind. Diese erkennt man schon aus der Ferne und sind auch mit eurem Fernglas gut zu finden.<\/p>\n<p>Tauntaunh\u00e4ndler \/ Tauntaun-Z\u00e4hmer (Republik)<\/p>\n<p>Koordinaten x: -3399 y: -1281<\/p>\n<p><b>Die Koordinaten der Brutpl\u00e4tze lauten:<\/b><\/p>\n<ul>\n<li>x: -2838 y:\u00a0-125 (Clabburn-Tundra)<\/li>\n<li>x: -2282 y:\u00a0216 (Clabburn-Tundra)<\/li>\n<li>x: -3480 y:\u00a0-120 (Clabburn-Tundra)<\/li>\n<li>x: -2488 y:\u00a0-1381 (Weissfels-W\u00fcste)<\/li>\n<li>x: -2763 y:\u00a01567 (Eisige Ebene)<\/li>\n<li>x: -1686 y:\u00a0925 (Eisige Ebene)<\/li>\n<\/ul>\n<figure id=\"attachment_385\" aria-describedby=\"caption-attachment-385\" style=\"width: 285px\" class=\"wp-caption aligncenter\"><a href=\"https:\/\/i0.wp.com\/tarvix-corporation.de\/wp-content\/uploads\/2013\/10\/Hoth-Taun-Taun.jpg\"><img data-recalc-dims=\"1\" loading=\"lazy\" decoding=\"async\" data-attachment-id=\"385\" data-permalink=\"https:\/\/www.tarvix-corporation.de\/?attachment_id=385\" data-orig-file=\"https:\/\/i0.wp.com\/www.tarvix-corporation.de\/wp-content\/uploads\/2013\/10\/Hoth-Taun-Taun.jpg?fit=855%2C900&amp;ssl=1\" data-orig-size=\"855,900\" data-comments-opened=\"1\" data-image-meta=\"{&quot;aperture&quot;:&quot;0&quot;,&quot;credit&quot;:&quot;&quot;,&quot;camera&quot;:&quot;&quot;,&quot;caption&quot;:&quot;&quot;,&quot;created_timestamp&quot;:&quot;0&quot;,&quot;copyright&quot;:&quot;&quot;,&quot;focal_length&quot;:&quot;0&quot;,&quot;iso&quot;:&quot;0&quot;,&quot;shutter_speed&quot;:&quot;0&quot;,&quot;title&quot;:&quot;&quot;}\" data-image-title=\"Hoth Taun Taun\" data-image-description=\"\" data-image-caption=\"\" data-medium-file=\"https:\/\/i0.wp.com\/www.tarvix-corporation.de\/wp-content\/uploads\/2013\/10\/Hoth-Taun-Taun.jpg?fit=285%2C300&amp;ssl=1\" data-large-file=\"https:\/\/i0.wp.com\/www.tarvix-corporation.de\/wp-content\/uploads\/2013\/10\/Hoth-Taun-Taun.jpg?fit=474%2C499&amp;ssl=1\" class=\"size-medium wp-image-385 \" src=\"https:\/\/i0.wp.com\/tarvix-corporation.de\/wp-content\/uploads\/2013\/10\/Hoth-Taun-Taun-285x300.jpg?resize=285%2C300\" alt=\"Hoth Tauntaun Brutpl\u00e4tze\" width=\"285\" height=\"300\" srcset=\"https:\/\/i0.wp.com\/www.tarvix-corporation.de\/wp-content\/uploads\/2013\/10\/Hoth-Taun-Taun.jpg?resize=285%2C300&amp;ssl=1 285w, https:\/\/i0.wp.com\/www.tarvix-corporation.de\/wp-content\/uploads\/2013\/10\/Hoth-Taun-Taun.jpg?w=855&amp;ssl=1 855w\" sizes=\"auto, (max-width: 285px) 100vw, 285px\" \/><\/a><figcaption id=\"caption-attachment-385\" class=\"wp-caption-text\">Hoth Tauntaun Brutpl\u00e4tze<\/figcaption><\/figure>\n<hr \/>\n<h1><\/h1>\n<h1>Makeb (Republik \/ Imperium)<\/h1>\n<h2>Auf Eurem Raumschiff, Holoterminal<\/h2>\n<h2><em>Story-Mission ab Level 50<\/em><\/h2>\n<hr \/>\n<p>&nbsp;<\/p>\n<h1>Oricon (Imperium)<\/h1>\n<h2>Auf der Flotte, Droide O6-D5<\/h2>\n<p><em>Story-Mission ab Level 55<\/em><\/p>\n<ul>\n<li>Koordinaten x: -4666 y: -4592<\/li>\n<\/ul>\n<h1>Oricon (Republik)<\/h1>\n<h2>Auf der Flotte, Droide D5-F2<\/h2>\n<p><em>Story-Mission ab Level 55<\/em><\/p>\n<ul>\n<li>Koordinaten x: -4658 y: 698<\/li>\n<\/ul>\n<p><strong><!--nextpage--><span style=\"font-size: large;\"><a id=\"Bonus\"><\/a>Bonusreihen<\/span><\/strong><\/p>\n<p><strong>Inhaltsangabe:<\/strong><\/p>\n<ul>\n<li><a href=\"http:\/\/tarvix-corporation.de\/?page_id=374&amp;page=1#Story\">Story-Missionen Seite 1<\/a><\/li>\n<li><a href=\"#Bonus\">Bonusreihen Seite 2<\/a><\/li>\n<\/ul>\n<hr \/>\n<p>&nbsp;<\/p>\n<h1>Tatooine &#8211; Von Sand zu Stahl &#8211; Level 28 (Imperium)<\/h1>\n<h2>Seargent Charnso<\/h2>\n<ul>\n<li>Koordinaten x: 616 y: 3555<\/li>\n<\/ul>\n<hr \/>\n<h2>\u00a0Alderaan &#8211; Level 40 (Republik)<\/h2>\n<p>Ihr geht in das Schloss Organa und dort gehen in der gro\u00dfen Halle drei G\u00e4nge ab.<br \/>\nIhr nehmt den zur Rep. Zentrale, das ist der 2. von Links.<\/p>\n<p>Dort findet ihr Major Brom, mit dem ihr eine Unterhaltung beginnt.<br \/>\nUnd dann kommt Colonel Jace Malcom hinzu ( der Soldat aus dem Tailer &#8220;Hoffnung&#8221;)<\/p>\n<p>Eine der coolsten Einleitungen zu einer Bonusquest.\u00a0 \ud83d\ude06<\/p>\n<h2>Major Brom<\/h2>\n<ul>\n<li>Koordinaten x: -711 y: 1041<\/li>\n<\/ul>\n<h1>Alderaan &#8211; LEvel 34 (Imperium)<\/h1>\n<p>Die Bonusreihe &#8220;Die dritte Front&#8221; startet nach dem Abschluss der Questreihe auf Hoth und kann auf der Flotte bei der Ehrw\u00fcrdigen Amaran angenommen werden.<\/p>\n<h2>Ehrw\u00fcrdige Amaran<\/h2>\n<ul>\n<li>Koordinaten x: -4812 y: 698<\/li>\n<\/ul>\n<hr \/>\n<p>&nbsp;<\/p>\n<h1>Balmorra &#8211; Level 35 (Republik)<\/h1>\n<p>Die Bonusreihe 1 startet mit Gabe Dovaro.<\/p>\n<h2>Gabe Dovaro<\/h2>\n<ul>\n<li>Koordinaten x: 270 y: -47<\/li>\n<\/ul>\n<p>Die Bonusreihe 2 startet mit Bixx.<\/p>\n<h2>Bixx<\/h2>\n<ul>\n<li>Koordinaten x: -517 y: 1647<\/li>\n<\/ul>\n<hr \/>\n<p>&nbsp;<\/p>\n<h1>Hoth &#8211; Level 47 (Republik)<\/h1>\n<p>Die Bonusreihe startet mit General Ilic Nadab.<\/p>\n<h2>Ilic Nadab<\/h2>\n<ul>\n<li>Koordinaten x: -3458 y: -1282<\/li>\n<\/ul>\n<h1>Hoth &#8211; Level 47 (Imperium)<\/h1>\n<p>Die Bonusreihe startet mit Captain Graich.<\/p>\n<h2>Graich<\/h2>\n<ul>\n<li>Koordinaten x: -2593 y: 741<\/li>\n<\/ul>\n<hr \/>\n<p>&nbsp;<\/p>\n<h1>Belsavis &#8211; Level 47 &#8211; 50 (Republik)<\/h1>\n<p>Die Bonus- \/ Dayliequestreihe startet im Sicherheitsbereich Gran-Exil. Nehmt dort einfach die ersten Missionen an.<\/p>\n<h2>Gran-Exil<\/h2>\n<ul>\n<li>Koordinaten x: -1648 y: 1128<\/li>\n<\/ul>\n","protected":false},"excerpt":{"rendered":"<p>Das SWTOR Universum ist mittlerweile sehr gro\u00df geworden und den Anfang von weiterf\u00fchrenden Story-Missionen zu finden wird mit der Zeit immer schwerer. Darum haben wir hier f\u00fcr Euch einiges gesammelt. Auf der zweiten Seite dieses Artikels findet Ihr die Planeten-Bonusreihen Inhaltsangabe: Story-Missionen Seite 1 Bonusreihen Seite 2 Story-Missionen &nbsp; CZ-198 (Imperium) Auf CZ-198, Droide C-E29 &hellip; <a href=\"https:\/\/www.tarvix-corporation.de\/?page_id=374\" class=\"more-link\"><span class=\"screen-reader-text\">Story-Missionen<\/span> weiterlesen <span class=\"meta-nav\">&rarr;<\/span><\/a><\/p>\n","protected":false},"author":3,"featured_media":0,"parent":1718,"menu_order":0,"comment_status":"closed","ping_status":"closed","template":"","meta":{"jetpack_post_was_ever_published":false,"footnotes":""},"class_list":["post-374","page","type-page","status-publish","hentry"],"jetpack_sharing_enabled":true,"jetpack_shortlink":"https:\/\/wp.me\/P5i8fx-62","jetpack-related-posts":[],"_links":{"self":[{"href":"https:\/\/www.tarvix-corporation.de\/index.php?rest_route=\/wp\/v2\/pages\/374","targetHints":{"allow":["GET"]}}],"collection":[{"href":"https:\/\/www.tarvix-corporation.de\/index.php?rest_route=\/wp\/v2\/pages"}],"about":[{"href":"https:\/\/www.tarvix-corporation.de\/index.php?rest_route=\/wp\/v2\/types\/page"}],"author":[{"embeddable":true,"href":"https:\/\/www.tarvix-corporation.de\/index.php?rest_route=\/wp\/v2\/users\/3"}],"replies":[{"embeddable":true,"href":"https:\/\/www.tarvix-corporation.de\/index.php?rest_route=%2Fwp%2Fv2%2Fcomments&post=374"}],"version-history":[{"count":31,"href":"https:\/\/www.tarvix-corporation.de\/index.php?rest_route=\/wp\/v2\/pages\/374\/revisions"}],"predecessor-version":[{"id":2405,"href":"https:\/\/www.tarvix-corporation.de\/index.php?rest_route=\/wp\/v2\/pages\/374\/revisions\/2405"}],"up":[{"embeddable":true,"href":"https:\/\/www.tarvix-corporation.de\/index.php?rest_route=\/wp\/v2\/pages\/1718"}],"wp:attachment":[{"href":"https:\/\/www.tarvix-corporation.de\/index.php?rest_route=%2Fwp%2Fv2%2Fmedia&parent=374"}],"curies":[{"name":"wp","href":"https:\/\/api.w.org\/{rel}","templated":true}]}}