{"id":554,"date":"2014-06-11T09:24:44","date_gmt":"2014-06-11T09:24:44","guid":{"rendered":"http:\/\/tarvix-corporation.de\/?page_id=554"},"modified":"2017-03-29T09:35:44","modified_gmt":"2017-03-29T09:35:44","slug":"biochemie","status":"publish","type":"page","link":"https:\/\/www.tarvix-corporation.de\/?page_id=554","title":{"rendered":"Biochemie"},"content":{"rendered":"\n<div class=\"twitter-share\"><a href=\"https:\/\/twitter.com\/intent\/tweet?via=Zaseesh\" class=\"twitter-share-button\" data-size=\"large\">Twittern<\/a><\/div>\n<p><a href=\"http:\/\/tarvix-corporation.de\/wp-content\/uploads\/2014\/06\/Biochemie.bmp\"><img loading=\"lazy\" decoding=\"async\" data-attachment-id=\"571\" data-permalink=\"https:\/\/www.tarvix-corporation.de\/?attachment_id=571\" data-orig-file=\"https:\/\/www.tarvix-corporation.de\/wp-content\/uploads\/2014\/06\/Biochemie.bmp\" data-orig-size=\"\" data-comments-opened=\"1\" data-image-meta=\"[]\" data-image-title=\"Biochemie\" data-image-description=\"\" data-image-caption=\"\" data-medium-file=\"https:\/\/www.tarvix-corporation.de\/wp-content\/uploads\/2014\/06\/Biochemie.bmp\" data-large-file=\"https:\/\/www.tarvix-corporation.de\/wp-content\/uploads\/2014\/06\/Biochemie.bmp\" class=\"alignleft wp-image-571\" src=\"http:\/\/tarvix-corporation.de\/wp-content\/uploads\/2014\/06\/Biochemie.bmp\" alt=\"Biochemie\" width=\"60\" height=\"58\" \/><\/a> <span style=\"font-size: x-large;\">Hilrodu (Imperium)<\/span><\/p>\n<p>Diese Gegenst\u00e4nde k\u00f6nnen gegen Material hergestellt werden. Einfach bei der Gildenleitung anfragen.<\/p>\n<h2>Stim<strong><br \/>\n<\/strong><\/h2>\n<p>Level\u00a070 (Wirkung 4 Stunden)<\/p>\n<p>Vielseitiger-Stim<\/p>\n<ul>\n<li>+ 240 Beherrschung<\/li>\n<li>+ 99 Angriffskraft<\/li>\n<\/ul>\n<p>K\u00fchnheits-Stim<\/p>\n<ul>\n<li>+ 240 Ausdauer<\/li>\n<li>+ 99 Verteidigung<\/li>\n<\/ul>\n<p>F\u00e4higer-Stim<\/p>\n<ul>\n<li>+ 240 Pr\u00e4zision<\/li>\n<li>+ 99 Kritischertrefferwert<\/li>\n<\/ul>\n<h2>Aufputscher<\/h2>\n<p>Level\u00a070 (Wirkung 15 Sekunden)<\/p>\n<p>Kritischer-Aufputscher<\/p>\n<ul>\n<li>+\u00a0870 Kritischertrefferwert<\/li>\n<\/ul>\n<p>Schildaufputscher<\/p>\n<ul>\n<li>Absorbiert 15 Sekunden mindestens 30 % des Schadens<\/li>\n<\/ul>\n<p>Angriffsaufputscher<\/p>\n<ul>\n<li>+\u00a0870 Angriffskraft und reduziert bewirkte Heilung um 20 %<\/li>\n<\/ul>\n<p>Effiziensaufputscher<\/p>\n<ul>\n<li>+\u00a0870 Schnelligkeit<\/li>\n<\/ul>\n<p>Notversorgungsaufputscher<\/p>\n<ul>\n<li>+\u00a0870 Machtkraft und Techst\u00e4rke, reduziert verursachten Schaden um\u00a020 %<\/li>\n<\/ul>\n<h2>Medipack<\/h2>\n<p>Level 70<\/p>\n<p>Medipack<\/p>\n<ul>\n<li>27505\u00a0&#8211;\u00a032885 Gesundheit +\u00a08221 Gesundheit in 15 Sekunden<\/li>\n<\/ul>\n<p>Medizinische Einheit<\/p>\n<ul>\n<li>24216\u00a0&#8211; 28999\u00a0Gesundheit +\u00a07474 Gesund bei Dir und Deinem Gef\u00e4hrten in 15 Sekunden<\/li>\n<\/ul>\n<h2>Implantat<\/h2>\n<p>Level 70<\/p>\n<p>Initiativsaket 230<\/p>\n<ul>\n<li>391 Beherrschung<\/li>\n<li>422 Ausdauer<\/li>\n<li>181 Pr\u00e4zision<\/li>\n<li>210 Angriffskraft<\/li>\n<\/ul>\n<p>Bastionspaket 230<\/p>\n<ul>\n<li>391 Beherrschung<\/li>\n<li>422 Ausdauer<\/li>\n<li>181 Schildwert<\/li>\n<li>210 Verteidigung<\/li>\n<\/ul>\n<p>Adeptenpaket 230<\/p>\n<ul>\n<li>391 Beherrschung<\/li>\n<li>422 Ausdauer<\/li>\n<li>210 Angriffskraft<\/li>\n<li>181 Kritischer Trefferwert<\/li>\n<\/ul>\n<p>Bollwerkpaket 228<\/p>\n<ul>\n<li>334 Beherrschung<\/li>\n<li>455 Ausdauer<\/li>\n<li>177 Absorptionswert<\/li>\n<li>216 Verteidigung<\/li>\n<\/ul>\n<p>Ultrabegabtenpaket 230<\/p>\n<ul>\n<li>391 Beherrschung<\/li>\n<li>422 Ausdauer<\/li>\n<li>210 Angriffskraft<\/li>\n<li>181 Schnelligkeit<\/li>\n<\/ul>\n<h2>Baupl\u00e4ne<\/h2>\n<p>Level 70<\/p>\n<p>Gegenstandswert 230<\/p>\n<ul>\n<li>MK-4-Initiativpaket des ewigen Kommandanten<\/li>\n<li>MK-4-Adeptenpaket des ewigen Kommandanten<\/li>\n<li>MK-4-Bastionspaket des ewigen Kommandanten<\/li>\n<li>MK-4-Ultrabegabten-Paket des ewigen Kommandanten<\/li>\n<\/ul>\n<p>&nbsp;<\/p>\n","protected":false},"excerpt":{"rendered":"<p>Hilrodu (Imperium) Diese Gegenst\u00e4nde k\u00f6nnen gegen Material hergestellt werden. Einfach bei der Gildenleitung anfragen. Stim Level\u00a070 (Wirkung 4 Stunden) Vielseitiger-Stim + 240 Beherrschung + 99 Angriffskraft K\u00fchnheits-Stim + 240 Ausdauer + 99 Verteidigung F\u00e4higer-Stim + 240 Pr\u00e4zision + 99 Kritischertrefferwert Aufputscher Level\u00a070 (Wirkung 15 Sekunden) Kritischer-Aufputscher +\u00a0870 Kritischertrefferwert Schildaufputscher Absorbiert 15 Sekunden mindestens 30 % &hellip; <a href=\"https:\/\/www.tarvix-corporation.de\/?page_id=554\" class=\"more-link\"><span class=\"screen-reader-text\">Biochemie<\/span> weiterlesen <span class=\"meta-nav\">&rarr;<\/span><\/a><\/p>\n","protected":false},"author":3,"featured_media":0,"parent":8,"menu_order":0,"comment_status":"closed","ping_status":"closed","template":"","meta":{"jetpack_post_was_ever_published":false,"footnotes":""},"class_list":["post-554","page","type-page","status-publish","hentry"],"jetpack_sharing_enabled":true,"jetpack_shortlink":"https:\/\/wp.me\/P5i8fx-8W","jetpack-related-posts":[],"_links":{"self":[{"href":"https:\/\/www.tarvix-corporation.de\/index.php?rest_route=\/wp\/v2\/pages\/554","targetHints":{"allow":["GET"]}}],"collection":[{"href":"https:\/\/www.tarvix-corporation.de\/index.php?rest_route=\/wp\/v2\/pages"}],"about":[{"href":"https:\/\/www.tarvix-corporation.de\/index.php?rest_route=\/wp\/v2\/types\/page"}],"author":[{"embeddable":true,"href":"https:\/\/www.tarvix-corporation.de\/index.php?rest_route=\/wp\/v2\/users\/3"}],"replies":[{"embeddable":true,"href":"https:\/\/www.tarvix-corporation.de\/index.php?rest_route=%2Fwp%2Fv2%2Fcomments&post=554"}],"version-history":[{"count":37,"href":"https:\/\/www.tarvix-corporation.de\/index.php?rest_route=\/wp\/v2\/pages\/554\/revisions"}],"predecessor-version":[{"id":2794,"href":"https:\/\/www.tarvix-corporation.de\/index.php?rest_route=\/wp\/v2\/pages\/554\/revisions\/2794"}],"up":[{"embeddable":true,"href":"https:\/\/www.tarvix-corporation.de\/index.php?rest_route=\/wp\/v2\/pages\/8"}],"wp:attachment":[{"href":"https:\/\/www.tarvix-corporation.de\/index.php?rest_route=%2Fwp%2Fv2%2Fmedia&parent=554"}],"curies":[{"name":"wp","href":"https:\/\/api.w.org\/{rel}","templated":true}]}}